{"id":3,"date":"2019-08-08T11:15:17","date_gmt":"2019-08-08T14:15:17","guid":{"rendered":"http:\/\/aplicativoloteria.com.br\/?page_id=3"},"modified":"2024-10-11T13:15:56","modified_gmt":"2024-10-11T16:15:56","slug":"politica-de-privacidade","status":"publish","type":"page","link":"https:\/\/aplicativoloteria.com.br\/index.php\/politica-de-privacidade\/","title":{"rendered":"Pol\u00edtica de privacidade"},"content":{"rendered":"\t\t<div data-elementor-type=\"wp-page\" data-elementor-id=\"3\" class=\"elementor elementor-3\">\n\t\t\t\t\t\t<div class=\"elementor-inner\">\n\t\t\t\t<div class=\"elementor-section-wrap\">\n\t\t\t\t\t\t\t\t\t<section class=\"elementor-section elementor-top-section elementor-element elementor-element-316e7f8b elementor-section-boxed elementor-section-height-default elementor-section-height-default\" data-id=\"316e7f8b\" data-element_type=\"section\">\n\t\t\t\t\t\t<div class=\"elementor-container elementor-column-gap-default\">\n\t\t\t\t\t\t\t<div class=\"elementor-row\">\n\t\t\t\t\t<div class=\"elementor-column elementor-col-100 elementor-top-column elementor-element elementor-element-57ba12ad\" data-id=\"57ba12ad\" data-element_type=\"column\">\n\t\t\t<div class=\"elementor-column-wrap elementor-element-populated\">\n\t\t\t\t\t\t\t<div class=\"elementor-widget-wrap\">\n\t\t\t\t\t\t<div class=\"elementor-element elementor-element-32570ddc elementor-widget elementor-widget-text-editor\" data-id=\"32570ddc\" data-element_type=\"widget\" data-widget_type=\"text-editor.default\">\n\t\t\t\t<div class=\"elementor-widget-container\">\n\t\t\t\t\t\t\t\t<div class=\"elementor-text-editor elementor-clearfix\">\n\t\t\t\t<p><!-- wp:paragraph --><\/p>\n<p>Langazo Ti construiu o aplicativo Resultados da Loteria como um aplicativo gratuito. Este SERVI\u00c7O \u00e9 fornecido pela Langazo Ti sem nenhum custo e \u00e9 destinado para uso da forma que se encontra.<br>Esta p\u00e1gina \u00e9 usada para informar os visitantes sobre nossas pol\u00edticas com a coleta, uso e divulga\u00e7\u00e3o de Informa\u00e7\u00f5es Pessoais, caso algu\u00e9m decida usar nosso Servi\u00e7o.<\/p>\n<p><span style=\"color: var( --e-global-color-text ); font-family: var( --e-global-typography-text-font-family ), Sans-serif; font-weight: var( --e-global-typography-text-font-weight );\">Este aplicativo usa os nomes das loterias da Caixa Econ\u00f4mica Federal e seus resultados exclusivamente para fins informativos. Todos os nomes dos jogos s\u00e3o de propriedade da Caixa Econ\u00f4mica Federal.<\/span><\/p>\n<p><span style=\"color: var( --e-global-color-text ); font-family: var( --e-global-typography-text-font-family ), Sans-serif;\"><b>ESTE APLICATIVO N\u00c3O TEM QUALQUER LIGA\u00c7\u00c3O COM A CAIXA ECON\u00d4MICA FEDERAL OU COM O GOVERNO DO BRASIL. N\u00c3O \u00c9 AFILIADO E NEM ENDOSSADO POR ELES. A CAIXA E O GOVERNO N\u00c3O T\u00caM QUALQUER RESPONSABILIDADE PELO CONTE\u00daDO OU SERVI\u00c7OS OFERECIDOS.<\/b><\/span><\/p>\n<p><span style=\"color: var( --e-global-color-text ); font-family: var( --e-global-typography-text-font-family ), Sans-serif; font-weight: var( --e-global-typography-text-font-weight );\">Fonte dos Dados: As informa\u00e7\u00f5es s\u00e3o retiradas do site oficial das loterias da Caixa (https:\/\/loterias.caixa.gov.br), onde est\u00e3o dispon\u00edveis ao p\u00fablico.&nbsp;<\/span>Deixamos claro que, A Caixa n\u00e3o se responsabiliza pela reprodu\u00e7\u00e3o dessas informa\u00e7\u00f5es.<\/p>\n<p><!-- \/wp:paragraph --><\/p>\n<p><!-- wp:paragraph --><\/p>\n<p><strong>SE VOC\u00ca OPTAR POR USAR NOSSO APLICATIVO, CONCORDAR\u00c1 COM A COLETA E USO DE INFORMA\u00c7\u00d5ES RELACIONADAS A ESSA POL\u00cdTICA. AS INFORMA\u00c7\u00d5ES PESSOAIS QUE COLETAMOS S\u00c3O USADAS PARA FORNECER E MELHORAR O SERVI\u00c7O PRESTADO. N\u00d3S N\u00c3O USAREMOS OU COMPARTILHAREMOS SUAS INFORMA\u00c7\u00d5ES COM NINGU\u00c9M, EXCETO CONFORME DESCRITO NESTA POL\u00cdTICA DE PRIVACIDADE. <\/strong><\/p>\n<p><!-- \/wp:paragraph --><\/p>\n<p><!-- wp:paragraph --><\/p>\n<p><strong>OS TERMOS USADOS NESTA POL\u00cdTICA DE PRIVACIDADE T\u00caM OS MESMOS SIGNIFICADOS QUE OS NOSSOS TERMOS E CONDI\u00c7\u00d5ES, QUE PODEM SER ACESSADOS EM RESULTADOS DA LOTERIA, A MENOS QUE DEFINIDO DE OUTRA FORMA NESTA POL\u00cdTICA DE PRIVACIDADE. <\/strong><\/p>\n<p><!-- \/wp:paragraph --><\/p>\n<p><!-- wp:heading --><\/p>\n<h2><strong>Coleta e Uso de Informa\u00e7\u00e3o<\/strong><\/h2>\n<p><!-- \/wp:heading --><\/p>\n<p><!-- wp:paragraph --><\/p>\n<p>Para uma melhor experi\u00eancia, ao usar nosso Servi\u00e7o, podemos exigir que voc\u00ea nos forne\u00e7a algumas informa\u00e7\u00f5es pessoalmente identific\u00e1veis. As informa\u00e7\u00f5es que solicitamos ser\u00e3o retidas por n\u00f3s e usadas conforme descrito nesta pol\u00edtica de privacidade.<\/p>\n<p><!-- \/wp:paragraph --><\/p>\n<p><!-- wp:paragraph --><\/p>\n<p>O aplicativo usa servi\u00e7os de terceiros que podem coletar informa\u00e7\u00f5es usadas para identific\u00e1-lo.<\/p>\n<p><!-- \/wp:paragraph --><\/p>\n<p><!-- wp:paragraph --><\/p>\n<p>Link para a pol\u00edtica de privacidade de provedores de servi\u00e7os de terceiros usados pelo aplicativo<\/p>\n<p><a href=\"https:\/\/policies.google.com\/technologies\/partner-sites\" target=\"_blank\" rel=\"noopener\">Publicidade do Google<\/a><\/p>\n<p><!-- \/wp:paragraph --><\/p>\n<p><!-- wp:paragraph --><\/p>\n<p><a href=\"https:\/\/www.google.com\/policies\/privacy\/\">Google Play Services<\/a><\/p>\n<p><!-- \/wp:paragraph --><\/p>\n<p><!-- wp:paragraph --><\/p>\n<p><a href=\"https:\/\/support.google.com\/admob\/answer\/6128543?hl=pt\" target=\"_blank\" rel=\"noopener\">AdMob<\/a><\/p>\n<p><a href=\"https:\/\/firebase.google.com\/policies\/analytics\">Firebase<\/a>&nbsp;<a style=\"font-size: inherit; background-color: #ffffff;\" href=\"https:\/\/firebase.google.com\/policies\/analytics\">Analytics<\/a><\/p>\n<p><!-- \/wp:paragraph --><\/p>\n<p><!-- wp:heading --><\/p>\n<h2><strong>Dados de Log<\/strong><\/h2>\n<p><!-- \/wp:heading --><\/p>\n<p><!-- wp:paragraph --><\/p>\n<p>Queremos inform\u00e1-lo que sempre que voc\u00ea usar o nosso servi\u00e7o, em caso de erro no aplicativo, coletamos dados e informa\u00e7\u00f5es (atrav\u00e9s de produtos de terceiros) em seu telefone chamado Log Data. Esses dados de registro podem incluir informa\u00e7\u00f5es como o endere\u00e7o IP do dispositivo, o nome do dispositivo, a vers\u00e3o do sistema operacional, a configura\u00e7\u00e3o do aplicativo ao utilizar nosso servi\u00e7o, a hora e a data do seu uso do servi\u00e7o e outras estat\u00edsticas.<\/p>\n<p><!-- \/wp:paragraph --><\/p>\n<p><!-- wp:heading --><\/p>\n<h2><strong>Provedores de servi\u00e7o<\/strong><\/h2>\n<p><!-- \/wp:heading --><\/p>\n<p><!-- wp:paragraph --><\/p>\n<p>Podemos empregar empresas e terceiros pelos seguintes motivos:<\/p>\n<p><!-- \/wp:paragraph --><\/p>\n<p><!-- wp:paragraph --><\/p>\n<p>Para facilitar o nosso servi\u00e7o;<\/p>\n<p><!-- \/wp:paragraph --><\/p>\n<p><!-- wp:paragraph --><\/p>\n<p>Para fornecer o servi\u00e7o em nosso nome;<\/p>\n<p><!-- \/wp:paragraph --><\/p>\n<p><!-- wp:paragraph --><\/p>\n<p>Para executar servi\u00e7os relacionados a servi\u00e7os; ou<\/p>\n<p><!-- \/wp:paragraph --><\/p>\n<p><!-- wp:paragraph --><\/p>\n<p>Para nos ajudar a analisar como nosso Servi\u00e7o \u00e9 usado.<\/p>\n<p><!-- \/wp:paragraph --><\/p>\n<p><!-- wp:paragraph --><\/p>\n<p>Queremos informar aos usu\u00e1rios deste Servi\u00e7o que esses terceiros tenham acesso \u00e0s suas Informa\u00e7\u00f5es Pessoais. O motivo \u00e9 executar as tarefas atribu\u00eddas a eles em nosso nome. No entanto, eles s\u00e3o obrigados a n\u00e3o divulgar ou usar as informa\u00e7\u00f5es para qualquer outra finalidade.<\/p>\n<p><!-- \/wp:paragraph --><\/p>\n<p><!-- wp:heading --><\/p>\n<h2><strong>Seguran\u00e7a<\/strong><\/h2>\n<p><!-- \/wp:heading --><\/p>\n<p><!-- wp:paragraph --><\/p>\n<p>Valorizamos sua confian\u00e7a ao nos fornecer suas Informa\u00e7\u00f5es Pessoais, e por isso estamos nos esfor\u00e7ando para usar meios comercialmente aceit\u00e1veis de proteg\u00ea-los. Mas lembre-se de que nenhum m\u00e9todo de transmiss\u00e3o pela internet ou m\u00e9todo de armazenamento eletr\u00f4nico \u00e9 100% seguro e confi\u00e1vel.<\/p>\n<p><!-- \/wp:paragraph --><\/p>\n<p><!-- wp:heading --><\/p>\n<h2><strong>Links para outros sites<\/strong><\/h2>\n<p><!-- \/wp:heading --><\/p>\n<p><!-- wp:paragraph --><\/p>\n<p>Este Servi\u00e7o pode conter links para outros sites. Se voc\u00ea clicar em um link de terceiros, voc\u00ea ser\u00e1 direcionado para esse site. Observe que esses sites externos n\u00e3o s\u00e3o operados por n\u00f3s. Portanto, recomendamos que voc\u00ea analise a Pol\u00edtica de Privacidade desses sites. N\u00e3o temos controle e n\u00e3o assumimos nenhuma responsabilidade pelo conte\u00fado, pol\u00edticas de privacidade ou pr\u00e1ticas de quaisquer sites ou servi\u00e7os de terceiros.<\/p>\n<p><!-- \/wp:paragraph --><\/p>\n<p><!-- wp:heading --><\/p>\n<h2><strong>Altera\u00e7\u00f5es a esta pol\u00edtica de privacidade<\/strong><\/h2>\n<p><!-- \/wp:heading --><\/p>\n<p><!-- wp:paragraph --><\/p>\n<p>Podemos atualizar nossa Pol\u00edtica de Privacidade de tempos em tempos. Assim, aconselhamos que voc\u00ea revise esta p\u00e1gina periodicamente para quaisquer altera\u00e7\u00f5es. Vamos notific\u00e1-lo de quaisquer altera\u00e7\u00f5es, publicando a nova Pol\u00edtica de Privacidade nesta p\u00e1gina. Estas altera\u00e7\u00f5es entram em vigor imediatamente ap\u00f3s serem publicadas nesta p\u00e1gina.<\/p>\n<p><!-- \/wp:paragraph --><\/p>\n<p><!-- wp:paragraph --><\/p>\n<p>Contate-Nos<\/p>\n<p><!-- \/wp:paragraph --><\/p>\n<p><!-- wp:paragraph --><\/p>\n<p>Se voc\u00ea tiver d\u00favidas ou sugest\u00f5es sobre nossa Pol\u00edtica de Privacidade, n\u00e3o hesite em nos contatar.<\/p>\n<p><!-- \/wp:paragraph --><\/p>\n<p><!-- wp:paragraph --><\/p>\n<p>Email: suporte@aplicativoloteria.com.br<\/p>\n<p><!-- \/wp:paragraph --><\/p>\n<p><!-- wp:paragraph --><\/p>\n<p><!-- \/wp:paragraph --><\/p>\t\t\t\t\t<\/div>\n\t\t\t\t\t\t<\/div>\n\t\t\t\t<\/div>\n\t\t\t\t\t\t<\/div>\n\t\t\t\t\t<\/div>\n\t\t<\/div>\n\t\t\t\t\t\t\t\t<\/div>\n\t\t\t\t\t<\/div>\n\t\t<\/section>\n\t\t\t\t\t\t\t\t\t<\/div>\n\t\t\t<\/div>\n\t\t\t\t\t<\/div>\n\t\t","protected":false},"excerpt":{"rendered":"<p>Langazo Ti construiu o aplicativo Resultados da Loteria como um aplicativo gratuito. Este SERVI\u00c7O \u00e9 fornecido pela Langazo Ti sem nenhum custo e \u00e9 destinado para uso da forma que se encontra.Esta p\u00e1gina \u00e9 usada para informar os visitantes sobre nossas pol\u00edticas com a coleta, uso e divulga\u00e7\u00e3o de Informa\u00e7\u00f5es Pessoais, caso algu\u00e9m decida usar nosso Servi\u00e7o. Este aplicativo usa os nomes das loterias da Caixa Econ\u00f4mica Federal e seus resultados exclusivamente para fins informativos.&hellip; <\/p>\n","protected":false},"author":1,"featured_media":0,"parent":0,"menu_order":0,"comment_status":"closed","ping_status":"open","template":"","meta":{"om_disable_all_campaigns":false,"_mi_skip_tracking":false,"footnotes":""},"class_list":["post-3","page","type-page","status-publish","hentry"],"aioseo_notices":[],"_links":{"self":[{"href":"https:\/\/aplicativoloteria.com.br\/index.php\/wp-json\/wp\/v2\/pages\/3","targetHints":{"allow":["GET"]}}],"collection":[{"href":"https:\/\/aplicativoloteria.com.br\/index.php\/wp-json\/wp\/v2\/pages"}],"about":[{"href":"https:\/\/aplicativoloteria.com.br\/index.php\/wp-json\/wp\/v2\/types\/page"}],"author":[{"embeddable":true,"href":"https:\/\/aplicativoloteria.com.br\/index.php\/wp-json\/wp\/v2\/users\/1"}],"replies":[{"embeddable":true,"href":"https:\/\/aplicativoloteria.com.br\/index.php\/wp-json\/wp\/v2\/comments?post=3"}],"version-history":[{"count":21,"href":"https:\/\/aplicativoloteria.com.br\/index.php\/wp-json\/wp\/v2\/pages\/3\/revisions"}],"predecessor-version":[{"id":318,"href":"https:\/\/aplicativoloteria.com.br\/index.php\/wp-json\/wp\/v2\/pages\/3\/revisions\/318"}],"wp:attachment":[{"href":"https:\/\/aplicativoloteria.com.br\/index.php\/wp-json\/wp\/v2\/media?parent=3"}],"curies":[{"name":"wp","href":"https:\/\/api.w.org\/{rel}","templated":true}]}}